is divided by 27.
26
Let v = 99 - 36. Let a = -43 + 56. Calculate the remainder when v is divided by a.
11
Suppose 0 = 5*a + 86 - 196. Calculate the remainder when a is divided by 15.
7
Let u(z) = -14*z + 438. Suppose 3*p - 6*p + a = -14, 0 = p + 5*a - 26. What is the remainder when u(30) is divided by p?
0
Let b = 9 + -6. Suppose -v - 5*z = 37, -4*v - v - 97 = b*z. Let q = v + 38. Calculate the remainder when q is divided by 6.
3
Suppose 0 = -6*j + 5*j - 2*l + 49, j - l - 43 = 0. What is the remainder when 143 is divided by j?
8
Calculate the remainder when 67 is divided by 4*(8/(-96))/((-1)/51).
16
Suppose 4*w = -4*y - 224, -2*w = y - 0*w + 54. Let v = y + 115. What is the remainder when v is divided by (0 - -1) + 2 + 26?
28
Suppose 167 = w - 316. Suppose 0 = 23*m - 16*m - w. Calculate the remainder when m is divided by 36.
33
Suppose j = 2*r + 37 + 55, -4*j + 380 = 4*r. What is the remainder when j is divided by 21?
10
Let w(i) = -i + 1. Let v be w(-1). Let a = 1263 - 1179. What is the remainder when a is divided by v/(-6)*(-86 - 1)?
26
Let h be 3/(-2) - (-18)/12. Suppose f + h*f = 12. What is the remainder when 23 is divided by 150/f - (-2)/4?
10
Let c(f) = f**3 - f**2 + 79. Let u be (-9)/(-4) - (-3)/(-12). Suppose -3*a - 4*y = -68, u*y + 0 = 4. What is the remainder when c(0) is divided by a?
19
Suppose j = -d + 23, 20*j = 15*j - 3*d + 105. What is the remainder when 341 is divided by j?
17
Suppose -49*y + 30*y = -10279. What is the remainder when y is divided by 17?
14
Calculate the remainder when 171 is divided by ((-2)/(-6))/((-8)/(-1392)).
55
Suppose 2*k + 3*w = k - 8, -5*k - 4*w = 51. Let p = k - -19. What is the remainder when 29 is divided by p?
5
What is the remainder when 143 is divided by ((-2250)/200)/((-3)/20) + -3?
71
Let c = -516 - -537. Calculate the remainder when (-650)/(-8) - (-1)/(-4) is divided by c.
18
Suppose -10*z + 900 = 170. What is the remainder when 509 is divided by z?
71
Suppose 11 = 4*c - 73. Let s be (-18)/(-8) + (-9)/36. Suppose s*x = -x + 18. Calculate the remainder when c is divided by x.
3
Let t(a) = -a**3 + 8*a**2 - a - 1. Let p be 4 - 4/(-16)*0. Let x(o) = -o**3 + 3*o**2 + 4*o + 3. Calculate the remainder when t(p) is divided by x(-2).
14
Suppose -2*i + 155 = -23. What is the remainder when i is divided by 46?
43
Suppose -3*d + 17 = -0*s - s, -5*d - 2*s + 21 = 0. What is the remainder when (-639)/(-27) + 4/(-6) is divided by d?
3
Let o(r) = 2*r - 6. Let i be o(-4). Let m = i + 17. Calculate the remainder when 25 is divided by m.
1
Suppose -43*w + 36*w = 105. Suppose 4*x = -7 - 97. Let a = w - x. What is the remainder when a is divided by 6?
5
Let i = -11 - -17. What is the remainder when 33 is divided by -6*i/4*-1?
6
Let i(n) = n**3 - 24*n**2 - 50*n - 1. What is the remainder when 93 is divided by i(26)?
42
Suppose -4*o + 9*o + 2*l - 44 = 0, -2*o = 3*l - 11. What is the remainder when 30 is divided by o?
0
Suppose 4*r - 1544 = -152. What is the remainder when r is divided by 21?
12
Suppose 0 = 5*m + m - 48. Suppose 0 = 22*f - 24*f - m. Calculate the remainder when (30 - -1) + (-12)/f is divided by 9.
7
Let y(u) = u**3 - 4*u**2 - 32*u + 11. Let l be y(8). Suppose 0 = -2*r + 3*t + 40, t - 27 - l = -3*r. What is the remainder when 41 is divided by r?
13
Let n be (0 + (-28)/8)/((-2)/4). Suppose -2*m = -n*m + 75. Calculate the remainder when 88 is divided by m.
13
Let i = 36 + -27. Suppose d + 50 = 4*f + i, d + 1 = 0. What is the remainder when 28 is divided by f?
8
Let z = 31 + -29. Suppose -3*h + 4*k + 21 = z*h, h + k - 6 = 0. Calculate the remainder when 26 is divided by h.
1
Suppose 0 = 60*d - 54*d - 1320. Calculate the remainder when d is divided by 57.
49
Suppose 0 = 6*b - 141 - 3. What is the remainder when 65 is divided by b?
17
Let o(i) = -i + 9. Let k be o(4). Suppose -128 - 302 = -k*t. What is the remainder when t is divided by 30?
26
Let f = 42 + -30. Suppose -f + 64 = 4*j. Let t = 16 + j. What is the remainder when t is divided by 16?
13
Let s be ((-66)/55)/((-6)/20). Suppose 5*h + s*n - 2 = 6, 2*h - 2*n = 14. Suppose 0 = -y + h*y - 18. What is the remainder when 8 is divided by y?
2
Let n(o) = 5*o + 11. Suppose 24*z - 46 = 914. What is the remainder when n(13) is divided by z?
36
Suppose 0 = 3*q + v - 5, 9*q + 2*v = 4*q + 7. Suppose s = u - 9, 3*u - q*s + 8*s = 43. Let n = -12 + 19. Calculate the remainder when u is divided by n.
4
Let a(q) = -7*q**3 - 3*q**2 + 2*q + 4. Suppose -2*i - 12 = 2*m, i - 5*m - 9 - 9 = 0. Calculate the remainder when a(i) is divided by 8.
4
Let v = -110 + 137. Calculate the remainder when 79 is divided by v.
25
Let b = -607 + 657. Suppose -3*c = x + 7, 2*x - 2*c = -3*x + 16. What is the remainder when b is divided by (6 + 7)/(1/x)?
24
Let f(k) = -5*k**3 + 2*k + 1. Let q be f(-1). Suppose -98 = -4*y + 3*y. Calculate the remainder when y is divided by 3/q*(7 - -37).
32
Let v(x) = 28*x - 67. What is the remainder when 63 is divided by v(3)?
12
What is the remainder when 52 is divided by (8/(-10))/(46/(-1955))?
18
Suppose -u + 58 = 5*k, -3*k + 32 = u + u. Calculate the remainder when 2/(-5) - 651/(-15) is divided by k.
7
Suppose -330 = -4*c + 2*q, q + 23 + 388 = 5*c. What is the remainder when 314 is divided by c?
68
Suppose 25*z = 2*z + 736. Calculate the remainder when z is divided by 5.
2
What is the remainder when 75 is divided by (-63)/42*(-1 + (2 - 15))?
12
Suppose 34 = 2*m + b + 4, -3*b + 12 = 0. Suppose -2*t + 3*f = -31, -2*t + 5*f + 11 = -10. Calculate the remainder when t is divided by m.
10
Suppose -35 = t - 6*t. Suppose -336 = 3*c - t*c. What is the remainder when c is divided by 18?
12
Let p = -1120 - -1134. What is the remainder when p is divided by 12?
2
Let c = 7 + -10. Let f be 3 + 0 + 0/c. Suppose -2*b + 305 = f*b. What is the remainder when b is divided by 16?
13
Suppose 7*p - 12 = 4*p. Calculate the remainder when 20 is divided by (-1)/(p - (-135)/(-33)).
9
Let d(a) = -11*a**3 - a**2 + 1. Let v be d(-1). Suppose -225 = -v*w + 2*w. Let k(u) = u**3 - 4*u - 1. What is the remainder when w is divided by k(3)?
11
Let p = -494 - -551. What is the remainder when 327 is divided by p?
42
Let i(t) = 8*t**2 - t. Calculate the remainder when (-412)/(-12) + 7/(-21) + -1 is divided by i(1).
5
Suppose -4*j + 52 = 4*z, 8*z - 4*z - 67 = j. What is the remainder when 465/10 - 2/4 is divided by z?
14
Let p(h) = -h**3 - 6*h**2 - 4*h + 9. Let q be p(-5). What is the remainder when 35 is divided by 21 - (-3 + q)*2?
16
Suppose -9*g - b + 847 = -5*g, 1064 = 5*g + 3*b. Let w = 1 - -1. Suppose g = 5*q + 2*r, 0 = -w*q - 4*r + 54 + 40. What is the remainder when q is divided by 22?
19
Suppose -3*o = 2*b - 2013, -38*o + 35*o + 2*b = -2013. What is the remainder when o is divided by 12?
11
Suppose 3*f = f - 136. What is the remainder when 2 + (-2 - f) - (0 + 2) is divided by 35?
31
Let m = 40 + 21. Calculate the remainder when m is divided by 35.
26
Suppose 136 + 512 = 12*w. Calculate the remainder when w is divided by 28.
26
Let i(l) = l**3 + 11*l**2 - l - 8. Let h be i(-11). Suppose 82 = 5*n + 2*v - 63, -h*n + 103 = -2*v. What is the remainder when n is divided by (-20)/2*4/(-5)?
7
Suppose 0 = -3*m + m + 34. Suppose j - m = 16. What is the remainder when j is divided by 14 + -4 + 9/(-3)?
5
Suppose 11*s = 21*s - 600. What is the remainder when s is divided by 24?
12
Let v(k) = 17*k - 6. Let n(z) = -3*z - 12. Let w be n(-5). Calculate the remainder when v(w) is divided by 12.
9
What is the remainder when 1384 is divided by 55*(39/(-5) + 9)?
64
Let a(t) = 19*t - 360. Calculate the remainder when 267 is divided by a(21).
33
Let t(g) = -1 + 6*g - 9 - g**2 - 6*g**2 + 2 - g**3. Let j be t(-8). What is the remainder when 68 is divided by -92*(22/j - 3)?
22
Let n(c) = 6*c - 2*c - 1 + 4. Let a(j) = -j**3 + 6*j**2 - 7*j + 14. Let r be a(5). Calculate the remainder when 72 is divided by n(r).
15
Suppose -12 = 3*v, 0 = 3*k - 2*v - 3*v - 92. Suppose 4*m = 2*n + 42, m - 1 = 3*n + 17. What is the remainder when k is divided by m?
6
Let y = 54 - 36. Suppose y*z = 14*z + 568. Calculate the remainder when z is divided by 18.
16
Suppose -r - 3*m - 49 = 0, 245 = -6*r + r - 4*m. Calculate the remainder when (-15)/(-10) - 15/6 - r is divided by 7.
6
Suppose -3*x - 1 = m - 81, -x = 5*m - 344. Let 